t is the highest common factor of 623 and l?
89
Let g(k) = k**3 - 67*k**2 + 69*k + 296. Let s be g(66). What is the greatest common divisor of 130 and s?
26
Let n(m) = 3*m**2 - 93*m - 859. Let v be n(-9). Calculate the highest common factor of v and 26.
13
Let d(q) = 177*q + 716. Let l be d(4). What is the greatest common factor of l and 64?
16
Let o(t) = t**3 - 42*t**2 + 42*t + 191. Let s be o(41). Calculate the highest common divisor of s and 5684.
116
Let y(b) = -649*b - 6111. Let f be y(-49). Calculate the highest common factor of 70 and f.
70
Let o(a) = a**3 - 15*a**2 + 14*a + 11. Suppose -13*k + 14*k = 14. Let i be o(k). Calculate the highest common factor of 121 and i.
11
Let f = 10060 - 1435. What is the greatest common divisor of 125 and f?
125
Let y = 3175 - 2215. Let m be y/2 - ((4 - 5) + 6). What is the highest common factor of m and 19?
19
Let w(k) = 4*k**3 + 23*k**2 + 4*k - 12. Let v be w(-4). Calculate the greatest common factor of v and 1428.
84
Suppose 17*q = 26 - 9. Let s be (-15)/5*2/(-3). Let c be (-3)/(-6) - (-13)/s. What is the greatest common divisor of c and q?
1
Suppose 0 = -4*t + 30 + 46. Suppose -4*d - j + 13 = 0, 5*d + j + 3 = t. Suppose d*g + 2*y - 15 = -y, -y + 8 = 4*g. What is the highest common factor of 9 and g?
1
Suppose -10*r + 40 = -6*r. Suppose -600 = -22*p + r*p. Let f = -20 - -30. Calculate the greatest common factor of p and f.
10
Let k = 44614 + -28305. Calculate the highest common divisor of k and 47.
47
Suppose 0 = 11*f - 29*f + 360. Suppose -8*m + f*m = 1560. Calculate the greatest common factor of m and 52.
26
Suppose o - 11*o + 250 = 0. Suppose d - t = 204, d + o - 221 = 3*t. Let a = -33 + d. Calculate the highest common divisor of 25 and a.
25
Let u(h) = -h + 29. Let w = 26 + -30. Let b be ((-15)/w)/5*2*-4. Let c be u(b). Calculate the greatest common divisor of c and 245.
35
Suppose -14*s + 5*s + 108 = 0. Let m(y) = y**2 - 6*y - 30. Let p be m(s). Calculate the highest common factor of 168 and p.
42
Let z(l) = -l**3 + 7*l**2 + 2*l + 1. Suppose -2*d - 323 = -337. Let m be z(d). What is the highest common factor of m and 45?
15
Suppose -m = 10*z - 8*z - 185, 2*m = 4*z + 330. Suppose 0 = -w - 4*b + 46, 2*w - 5*b = -18 + m. Calculate the highest common divisor of 6 and w.
6
Let l be ((59/(-12))/((-12)/(-108)))/((-6)/16). Calculate the greatest common factor of l and 11918.
118
Let p be (-4 + 10 + -12)/((-3)/2). Suppose -2*s = -3*i - 7*s + 661, i - 226 = p*s. What is the greatest common factor of 6 and i?
6
Let r(v) = -8*v**2 - 74*v - 13. Let b be r(-9). Suppose b*a - 7*a = -56. What is the highest common divisor of a and 308?
28
Suppose -3*b + b = -140. Let i(a) = a**3 + 22*a**2 + 113*a + 6. Let j be i(-9). Calculate the highest common factor of b and j.
14
Suppose 18*m = -1638 + 1854. What is the greatest common divisor of 1782 and m?
6
Let h(k) = 69*k + 2. Let j = -2 - -5. Let t be h(j). Suppose 643*u = -49*u + 13148. Calculate the greatest common divisor of u and t.
19
Suppose -2*p - g - 3 = 0, -p + 0*g = -4*g + 6. Let a(k) = -89*k**2 + 31*k**2 - 8 + 62*k**2. Let n be a(p). Calculate the highest common factor of n and 40.
8
Suppose -u + 747 = 2*n + 283, 2*u - 5*n = 982. Suppose -2*t + 5*a = -252, -3*t - 65 = 2*a - 481. Calculate the highest common factor of u and t.
68
Let n(r) = -15*r**3 + 8*r + 7. Let g be n(-2). Let c = g - 39. Let b = 29 + -21. Calculate the greatest common factor of c and b.
8
Suppose -5*k - 5*y - 10 = 0, k + 28 = 2*k - 5*y. Let j(n) = 16*n**2 + n - 14. Let v be j(k). What is the greatest common divisor of 14 and v?
7
Let k(s) = s**3 + 18*s**2 - 3*s - 25. Let h be k(-18). Let i be (177 - h) + -4*(1 - 2). Calculate the highest common factor of 38 and i.
38
Let i = 27 - 28. Let w be ((-14)/6 + 2)/(i/3). Let b be -3*w*410/(-15). Calculate the greatest common divisor of 205 and b.
41
Let v be (-2)/(-12) - (2/12)/1. Suppose 0*i - 2031 = -2*i - 5*q, -q + 3 = v. Suppose -9*f = -17*f + i. What is the highest common factor of 18 and f?
18
Let o(j) = 23*j - 1137. Let f be o(50). What is the highest common divisor of 819 and f?
13
Let b = 907 + -1387. Let k be ((-4)/6)/(-4*(-8)/b). What is the highest common factor of 370 and k?
10
Suppose 0 = 268*u + 141869 - 366525 - 378344. What is the greatest common divisor of u and 27?
9
Let u = 32 - 30. Suppose -2*m + 72 = 5*j - j, u*m = -2*j + 36. Let f be 3/j + 1043/42. Calculate the highest common factor of f and 25.
25
Let c(a) = -41*a**3 - 7*a**2 - 10*a + 32. Let r be c(-3). What is the greatest common divisor of 238 and r?
14
Let t be (-6)/(-14) - (-6030)/42. Let v = t - -61. What is the greatest common factor of v and 41?
41
Let q be ((-2)/(15 - 9))/(2/(-12)). Calculate the highest common divisor of 399 and q.
1
Let z be 3/(18/(-16))*(-15 + (-20790)/8). Calculate the greatest common factor of 170 and z.
170
Let c = 1213 - -1352. What is the greatest common factor of c and 95?
95
Let o = -6006 - -6030. Calculate the highest common factor of 14216 and o.
8
Suppose 22*p - 18*p = 2*i + 336, -i = 0. What is the highest common divisor of p and 48?
12
Let x be (-3)/(-4) - (-61066)/(-152). Let r = 415 + x. What is the highest common divisor of r and 42?
14
Let u(g) = -3*g - 1. Let o be u(-7). Let t = 29526 + -29481. Calculate the greatest common divisor of o and t.
5
Let d = -1092 - -2062. Let j = d + -628. Calculate the greatest common factor of j and 18.
18
Let x(m) be the first derivative of -m**3/3 - 13*m**2 + 42*m - 24. Let z be x(-24). Calculate the greatest common factor of z and 45.
45
Let i = 67 - 62. Suppose i - 1 = 4*o - 3*l, -l = 0. Suppose -121 + 7 = -19*v. Calculate the highest common factor of o and v.
1
Let h = 204 - 194. Suppose 0 = 4*k - 3*u - 183, u + 37 = k - h. What is the greatest common divisor of 147 and k?
21
Suppose -2*y = 4*z - 29928, 3*z - 62*y + 66*y = 22426. Calculate the highest common divisor of 38 and z.
38
Let j = -55 - -60. Let q(t) = 2*t**2 + 1. Let p be q(2). Suppose p = r + 2*i, -19 = j*r + 4*i - 82. What is the greatest common divisor of r and 6?
3
Let q be ((-6)/(-9))/(4/90). Suppose -8*s = -151 + q. Let h = 303 + -167. What is the highest common divisor of h and s?
17
Let c = -12430 - -12629. Calculate the greatest common divisor of 9353 and c.
199
Suppose 3*j = 3 + 3. Suppose -3*k + k + j*d + 440 = 0, -3*k + 692 = 5*d. Calculate the greatest common divisor of 14 and k.
14
Let m = 946 - 932. Let w be (-15648)/(-36) - (-8)/(-12). What is the highest common factor of w and m?
14
Let x = -15 + 71. Let y = x - 0. Let o = y - 49. What is the highest common divisor of 63 and o?
7
Let i be (-120)/(-6) - (-3 + 6). Calculate the highest common divisor of i and 1343.
17
Suppose 2*c - 1392 = i, -353*i = c - 348*i - 707. What is the greatest common divisor of 34 and c?
17
Let u = 2841 + -1825. Calculate the greatest common factor of 8 and u.
8
Suppose -12*u = -15*u + 1344. Suppose u*k - 288 = 440*k. Calculate the highest common factor of k and 9.
9
Suppose -4*i - h + 6*h = -465, 4*i + 5*h - 415 = 0. What is the greatest common divisor of i and 594?
22
Let g = 67 + -70. Let r be (-4)/1 + g/6*76. Let v = 71 + r. What is the greatest common factor of v and 58?
29
Let q = -98 + 103. Let o be (-2 - -3)/(q/(-3) - -2). Let y be 11 + 27 - (-1 + o). What is the greatest common factor of 90 and y?
18
Let g(b) = 94*b**2 - 944*b - 5648. Let j be g(-6). What is the highest common divisor of 255 and j?
85
Let z = -60 - -30. Let w be 48/((z/25)/(-6)). Suppose 3*f - 4*f = -w. Calculate the highest common divisor of 30 and f.
30
Let m(v) = 2*v**3 + 16*v**2 - 9*v - 108. Let s be m(10). What is the highest common divisor of s and 126?
126
Let i be (-176)/(2/(-25) - 50/2500). What is the greatest common factor of 70 and i?
10
Let f be (2/56*6518 + (-20)/70)*2. What is the greatest common factor of f and 3813?
93
Let p be -1*(-5)/(-5)*149. Suppose 5*w - 2*t = -1153, 4*w - 5*w = -t + 233. Let n = p - w. Calculate the highest common factor of 20 and n.
20
Suppose d - 260 = -4*d. Suppose 0 = 4*q - 90 + 82. Suppose 0 = -q*t + 3*g + 130, 6*t - 10*t + 260 = 2*g. What is the highest common factor of d and t?
13
Let v(u) = 17*u + 19. Let o = -45 + 48. Suppose 8 = -4*k, 13 = 5*h + o*k - 6. Let l be v(h). What is the highest common divisor of l